{"id":159,"date":"2026-04-27T14:28:44","date_gmt":"2026-04-27T14:28:44","guid":{"rendered":"https:\/\/www.proalu07.fr\/?page_id=159"},"modified":"2026-04-27T14:28:44","modified_gmt":"2026-04-27T14:28:44","slug":"politique-de-confidentialite","status":"publish","type":"page","link":"https:\/\/www.proalu07.fr\/index.php\/politique-de-confidentialite\/","title":{"rendered":"Politique de confidentialit\u00e9"},"content":{"rendered":"\n<p><strong>Politique de confidentialit\u00e9<\/strong><\/p>\n\n\n\n<p><strong>1. Responsable du traitement<\/strong><br>Le responsable du traitement des donn\u00e9es personnelles est :<br>PRO ALU<\/p>\n\n\n\n<p>2 RUE DU RADILLON 07200 AUBENAS<br>contact@proalu07.fr<br>09 70 70 20 03<\/p>\n\n\n\n<hr class=\"wp-block-separator has-alpha-channel-opacity\"\/>\n\n\n\n<p><strong>2. Donn\u00e9es collect\u00e9es<\/strong><br>Nous collectons uniquement les donn\u00e9es n\u00e9cessaires au traitement de vos demandes, notamment :<\/p>\n\n\n\n<ul class=\"wp-block-list\">\n<li>Nom et pr\u00e9nom<\/li>\n\n\n\n<li>Adresse email<\/li>\n\n\n\n<li>Num\u00e9ro de t\u00e9l\u00e9phone<\/li>\n\n\n\n<li>Toute information transmise via le formulaire de contact<\/li>\n<\/ul>\n\n\n\n<hr class=\"wp-block-separator has-alpha-channel-opacity\"\/>\n\n\n\n<p><strong>3. Finalit\u00e9 de la collecte<\/strong><br>Les donn\u00e9es personnelles collect\u00e9es ont pour objectif :<\/p>\n\n\n\n<ul class=\"wp-block-list\">\n<li>De r\u00e9pondre \u00e0 vos demandes de contact<\/li>\n\n\n\n<li>D\u2019\u00e9tablir des devis<\/li>\n\n\n\n<li>D\u2019assurer le suivi des \u00e9changes commerciaux<\/li>\n<\/ul>\n\n\n\n<hr class=\"wp-block-separator has-alpha-channel-opacity\"\/>\n\n\n\n<p><strong>4. Base l\u00e9gale<\/strong><br>Le traitement des donn\u00e9es repose sur :<\/p>\n\n\n\n<ul class=\"wp-block-list\">\n<li>Votre consentement (formulaire de contact)<\/li>\n\n\n\n<li>L\u2019int\u00e9r\u00eat l\u00e9gitime de l\u2019entreprise pour r\u00e9pondre \u00e0 vos demandes<\/li>\n<\/ul>\n\n\n\n<hr class=\"wp-block-separator has-alpha-channel-opacity\"\/>\n\n\n\n<p><strong>5. Dur\u00e9e de conservation<\/strong><br>Les donn\u00e9es sont conserv\u00e9es pendant une dur\u00e9e maximale de <strong>3 ans<\/strong> \u00e0 compter du dernier contact.<\/p>\n\n\n\n<hr class=\"wp-block-separator has-alpha-channel-opacity\"\/>\n\n\n\n<p><strong>6. Destinataires des donn\u00e9es<\/strong><br>Les donn\u00e9es collect\u00e9es sont uniquement destin\u00e9es \u00e0 PRO ALU et ne sont en aucun cas vendues ou transmises \u00e0 des tiers.<\/p>\n\n\n\n<hr class=\"wp-block-separator has-alpha-channel-opacity\"\/>\n\n\n\n<p><strong>7. Cookies<\/strong><br>Le site peut utiliser des cookies \u00e0 des fins de mesure d\u2019audience et d\u2019am\u00e9lioration de l\u2019exp\u00e9rience utilisateur.<br>Vous pouvez accepter ou refuser les cookies via le bandeau pr\u00e9vu \u00e0 cet effet.<\/p>\n\n\n\n<hr class=\"wp-block-separator has-alpha-channel-opacity\"\/>\n\n\n\n<p><strong>8. Vos droits<\/strong><br>Conform\u00e9ment au RGPD, vous disposez des droits suivants :<\/p>\n\n\n\n<ul class=\"wp-block-list\">\n<li>Droit d\u2019acc\u00e8s<\/li>\n\n\n\n<li>Droit de rectification<\/li>\n\n\n\n<li>Droit de suppression<\/li>\n\n\n\n<li>Droit d\u2019opposition<\/li>\n<\/ul>\n\n\n\n<p>Vous pouvez exercer vos droits \u00e0 tout moment en contactant :<br>contact@proalu07.fr<\/p>\n\n\n\n<hr class=\"wp-block-separator has-alpha-channel-opacity\"\/>\n\n\n\n<p><strong>9. S\u00e9curit\u00e9 des donn\u00e9es<\/strong><br>Nous mettons en \u0153uvre des mesures techniques et organisationnelles pour prot\u00e9ger vos donn\u00e9es personnelles.<\/p>\n\n\n\n<hr class=\"wp-block-separator has-alpha-channel-opacity\"\/>\n\n\n\n<p><strong>10. Contact<\/strong><br>Pour toute question relative \u00e0 cette politique de confidentialit\u00e9 :<br>contact@proalu07.fr<\/p>\n","protected":false},"excerpt":{"rendered":"<p>Politique de confidentialit\u00e9 1. Responsable du traitementLe responsable du traitement des donn\u00e9es personnelles est :PRO ALU 2 RUE DU RADILLON 07200 AUBENAScontact@proalu07.fr09 70 70 20 03 2. Donn\u00e9es collect\u00e9esNous collectons uniquement les donn\u00e9es n\u00e9cessaires au traitement de vos demandes, notamment : 3. Finalit\u00e9 de la collecteLes donn\u00e9es personnelles collect\u00e9es ont pour objectif : 4. Base [&hellip;]<\/p>\n","protected":false},"author":1,"featured_media":0,"parent":0,"menu_order":0,"comment_status":"closed","ping_status":"closed","template":"","meta":{"footnotes":""},"class_list":["post-159","page","type-page","status-publish","hentry"],"_links":{"self":[{"href":"https:\/\/www.proalu07.fr\/index.php\/wp-json\/wp\/v2\/pages\/159","targetHints":{"allow":["GET"]}}],"collection":[{"href":"https:\/\/www.proalu07.fr\/index.php\/wp-json\/wp\/v2\/pages"}],"about":[{"href":"https:\/\/www.proalu07.fr\/index.php\/wp-json\/wp\/v2\/types\/page"}],"author":[{"embeddable":true,"href":"https:\/\/www.proalu07.fr\/index.php\/wp-json\/wp\/v2\/users\/1"}],"replies":[{"embeddable":true,"href":"https:\/\/www.proalu07.fr\/index.php\/wp-json\/wp\/v2\/comments?post=159"}],"version-history":[{"count":1,"href":"https:\/\/www.proalu07.fr\/index.php\/wp-json\/wp\/v2\/pages\/159\/revisions"}],"predecessor-version":[{"id":162,"href":"https:\/\/www.proalu07.fr\/index.php\/wp-json\/wp\/v2\/pages\/159\/revisions\/162"}],"wp:attachment":[{"href":"https:\/\/www.proalu07.fr\/index.php\/wp-json\/wp\/v2\/media?parent=159"}],"curies":[{"name":"wp","href":"https:\/\/api.w.org\/{rel}","templated":true}]}}

Politique de confidentialité

<p><strong>Politique de confidentialité</strong></p>



<p><strong>1. Responsable du traitement</strong><br>Le responsable du traitement des données personnelles est :<br>PRO ALU</p>



<p>2 RUE DU RADILLON 07200 AUBENAS<br>contact@proalu07.fr<br>09 70 70 20 03</p>



<hr class="wp-block-separator has-alpha-channel-opacity"/>



<p><strong>2. Données collectées</strong><br>Nous collectons uniquement les données nécessaires au traitement de vos demandes, notamment :</p>



<ul class="wp-block-list">
<li>Nom et prénom</li>



<li>Adresse email</li>



<li>Numéro de téléphone</li>



<li>Toute information transmise via le formulaire de contact</li>
</ul>



<hr class="wp-block-separator has-alpha-channel-opacity"/>



<p><strong>3. Finalité de la collecte</strong><br>Les données personnelles collectées ont pour objectif :</p>



<ul class="wp-block-list">
<li>De répondre à vos demandes de contact</li>



<li>D’établir des devis</li>



<li>D’assurer le suivi des échanges commerciaux</li>
</ul>



<hr class="wp-block-separator has-alpha-channel-opacity"/>



<p><strong>4. Base légale</strong><br>Le traitement des données repose sur :</p>



<ul class="wp-block-list">
<li>Votre consentement (formulaire de contact)</li>



<li>L’intérêt légitime de l’entreprise pour répondre à vos demandes</li>
</ul>



<hr class="wp-block-separator has-alpha-channel-opacity"/>



<p><strong>5. Durée de conservation</strong><br>Les données sont conservées pendant une durée maximale de <strong>3 ans</strong> à compter du dernier contact.</p>



<hr class="wp-block-separator has-alpha-channel-opacity"/>



<p><strong>6. Destinataires des données</strong><br>Les données collectées sont uniquement destinées à PRO ALU et ne sont en aucun cas vendues ou transmises à des tiers.</p>



<hr class="wp-block-separator has-alpha-channel-opacity"/>



<p><strong>7. Cookies</strong><br>Le site peut utiliser des cookies à des fins de mesure d’audience et d’amélioration de l’expérience utilisateur.<br>Vous pouvez accepter ou refuser les cookies via le bandeau prévu à cet effet.</p>



<hr class="wp-block-separator has-alpha-channel-opacity"/>



<p><strong>8. Vos droits</strong><br>Conformément au RGPD, vous disposez des droits suivants :</p>



<ul class="wp-block-list">
<li>Droit d’accès</li>



<li>Droit de rectification</li>



<li>Droit de suppression</li>



<li>Droit d’opposition</li>
</ul>



<p>Vous pouvez exercer vos droits à tout moment en contactant :<br>contact@proalu07.fr</p>



<hr class="wp-block-separator has-alpha-channel-opacity"/>



<p><strong>9. Sécurité des données</strong><br>Nous mettons en œuvre des mesures techniques et organisationnelles pour protéger vos données personnelles.</p>



<hr class="wp-block-separator has-alpha-channel-opacity"/>



<p><strong>10. Contact</strong><br>Pour toute question relative à cette politique de confidentialité :<br>contact@proalu07.fr</p>

<p>Politique de confidentialité 1. Responsable du traitementLe responsable du traitement des données personnelles est :PRO ALU 2 RUE DU RADILLON 07200 AUBENAScontact@proalu07.fr09 70 70 20 03 2. Données collectéesNous collectons uniquement les données nécessaires au traitement de vos demandes, notamment : 3. Finalité de la collecteLes données personnelles collectées ont pour objectif : 4. Base [&hellip;]</p>
